{"id":400,"date":"2025-11-07T16:40:11","date_gmt":"2025-11-07T15:40:11","guid":{"rendered":"https:\/\/kravmaga-blackbelt-93.fr\/?page_id=400"},"modified":"2026-02-17T16:53:14","modified_gmt":"2026-02-17T15:53:14","slug":"inscription","status":"publish","type":"page","link":"https:\/\/kravmaga-blackbelt-93.fr\/index.php\/inscription\/","title":{"rendered":"Inscription"},"content":{"rendered":"\n<h2 class=\"wp-block-heading alignwide has-text-align-center\" id=\"we-re-a-studio-in-berlin-with-an-international-practice-in-architecture-urban-planning-and-interior-design-we-believe-in-sharing-knowledge-and-promoting-dialogue-to-increase-the-creative-potential-of-collaboration\" style=\"font-size:48px;line-height:1.1\"><strong>Plus qu&#8217;un entra\u00eenement, une \u00e9quipe<\/strong><\/h2>\n\n\n\n<div class=\"wp-block-group is-vertical is-layout-flex wp-container-core-group-is-layout-8cf370e7 wp-block-group-is-layout-flex\">\n<div aria-hidden=\"true\" class=\"wp-block-spacer wp-container-content-c0740251\"><\/div>\n\n\n\n<p>Nos cours de Krav Maga sont ouverts \u00e0 tous, quel que soit votre niveau. Nous vous accueillerons avec plaisir dans une ambiance conviviale, ax\u00e9e sur la pratique et le respect mutuel. <strong>Veuillez noter que l&#8217;\u00e2ge minimum requis pour participer \u00e0 nos sessions est de 15 ans.<\/strong><\/p>\n\n\n\n<div style=\"height:100px\" aria-hidden=\"true\" class=\"wp-block-spacer wp-container-content-d613cd94\"><\/div>\n\n\n\n<h3 class=\"wp-block-heading\">Cours d&#8217;essai GRATUIT !<\/h3>\n\n\n\n<p><\/p>\n\n\n\n<p>Les cours d&#8217;essai sont les Mardi et Jeudi sur les horaires de cours.<\/p>\n\n\n\n<p>Les documents list\u00e9s ci dessous sont n\u00e9cessaires et sont disponibles en t\u00e9l\u00e9chargement en bas de la page.<\/p>\n\n\n\n<ul class=\"wp-block-list\">\n<li><strong>Fiche d&#8217;inscription<\/strong><\/li>\n\n\n\n<li><strong>Questionnaire de sant\u00e9 QS-Sport<\/strong><\/li>\n\n\n\n<li><strong>Attestation cours d&#8217;essai<\/strong><\/li>\n<\/ul>\n\n\n\n<div style=\"height:100px\" aria-hidden=\"true\" class=\"wp-block-spacer wp-container-content-d613cd94\"><\/div>\n\n\n\n<h3 class=\"wp-block-heading\">Nos Cr\u00e9neaux<\/h3>\n\n\n\n<p>Pour vous offrir une pratique r\u00e9guli\u00e8re et compl\u00e8te, nous proposons 3 cr\u00e9neaux hebdomadaires, soit plus de 5 heures de cours accessibles chaque semaine.<\/p>\n\n\n\n<ul class=\"wp-block-list\">\n<li><strong>Mardi :<\/strong> 19h30 &#8211; 21h00<\/li>\n\n\n\n<li><strong>Jeudi :<\/strong> 19h45 &#8211; 21h15<\/li>\n\n\n\n<li><strong>Samedi :<\/strong> 10h00 &#8211; 11h45<\/li>\n<\/ul>\n\n\n\n<div style=\"height:100px\" aria-hidden=\"true\" class=\"wp-block-spacer wp-container-content-d613cd94\"><\/div>\n\n\n\n<h3 class=\"wp-block-heading\">Lieux<\/h3>\n\n\n\n<p><strong><a href=\"http:\/\/google.com\/maps\/place\/\/data=!4m2!3m1!1s0x47e61500606be8d1:0x96eb774c3010d5a2?sa=X&amp;ved=1t:8290&amp;hl=fr&amp;gl=fr&amp;ictx=111\">Espace Jules verne<br><\/a><\/strong>5 Rue Cl\u00e9ment Ader<br>93600 Aulnay-sous-Bois<\/p>\n<\/div>\n\n\n\n<div style=\"height:40px\" aria-hidden=\"true\" class=\"wp-block-spacer\"><\/div>\n\n\n\n<h3 class=\"wp-block-heading\">Les documents \u00e0 fournir<\/h3>\n\n\n\n<div class=\"wp-block-group is-vertical is-layout-flex wp-container-core-group-is-layout-8cf370e7 wp-block-group-is-layout-flex\">\n<p><strong><mark style=\"background-color:rgba(0, 0, 0, 0)\" class=\"has-inline-color has-vivid-red-color\">A noter<\/mark> : le dossier doit etre complet pour prendre en compte l&#8217;inscription<\/strong><\/p>\n\n\n\n<p><\/p>\n\n\n\n<ul class=\"wp-block-list\">\n<li>Certificat m\u00e9dical avec la mention &#8220;<strong>pas de contre indication pour la pratique du Krav Maga<\/strong>&#8221; de moins de 3 mois<\/li>\n\n\n\n<li>Le r\u00e8glement int\u00e9rieur sign\u00e9 (\u00e0 t\u00e9l\u00e9charger en bas de la page)<\/li>\n\n\n\n<li>Le justificatif d&#8217;achat de la license (<strong>Achat \u00e0 faire aupr\u00e8s de la fekm<\/strong> ici : <a href=\"https:\/\/www.krav-maga.net\/connexion\/\">https:\/\/www.krav-maga.net\/connexion\/<\/a><\/li>\n\n\n\n<li>Pour les <strong>mineurs <\/strong>: Une <strong>autorisation parentale<\/strong> est obligatoire (\u00e0 t\u00e9l\u00e9charger en bas de la page)<\/li>\n<\/ul>\n<\/div>\n\n\n\n<div style=\"height:40px\" aria-hidden=\"true\" class=\"wp-block-spacer\"><\/div>\n\n\n\n<h3 class=\"wp-block-heading\">Nos Tarifs<\/h3>\n\n\n\n<div class=\"wp-block-group is-vertical is-layout-flex wp-container-core-group-is-layout-8cf370e7 wp-block-group-is-layout-flex\">\n<p>Pour toutes adh\u00e9sions (except\u00e9es interclub) il faut ajouter le prix de la licence \u00e0 acheter directement aupr\u00e8s de la FEKM (33\u20ac)<br>Pour tous les nouveaux adh\u00e9rents FEKM, il faut ajouter le prix du Passeport sportif (9\u20ac)<\/p>\n\n\n\n<p><strong>Nouvel Adh\u00e9rent : 330 \u20ac<\/strong><br>Bienvenue au club ! Ce tarif inclut un teeshirt d\u2019entrainement.<\/p>\n\n\n\n<p><strong>Tarif Famille : 300 \u20ac pour chaque adh\u00e9sion<\/strong> <br>Inscrivez-vous \u00e0 plusieurs (parents, enfants, fratrie vivant sous le m\u00eame toit) et b\u00e9n\u00e9ficiez de ce tarif pr\u00e9f\u00e9rentiel pour chaque membre.<br><em>Par exemple, pour un couple de nouveaux adh\u00e9rents, le tarif sera de 300 \u20ac x 2 = 600 \u20ac au lieu de 660 \u20ac.<\/em><\/p>\n\n\n\n<p><strong>Renouvellement : 300 \u20ac<\/strong><br>Merci pour votre fid\u00e9lit\u00e9 ! Un tarif pr\u00e9f\u00e9rentiel pour nos membres qui continuent l&#8217;aventure avec nous.<\/p>\n\n\n\n<p><strong>Tarif Pompiers &amp; Forces de l&#8217;Ordre : 230 \u20ac<\/strong><br>En reconnaissance de votre engagement, nous proposons un tarif sp\u00e9cial pour les policiers, gendarmes, militaires et pompiers (sur pr\u00e9sentation d&#8217;un justificatif).<\/p>\n\n\n\n<p><strong>Tarif Interclubs FEKM : 130 \u20ac<\/strong><br>Vous \u00eates d\u00e9j\u00e0 licenci\u00e9(e)s \u00e0 la FEKM dans un autre club pour la saison en cours ? Entra\u00eenez-vous aussi avec nous gr\u00e2ce \u00e0 ce tarif (sur pr\u00e9sentation de votre licence valide).<\/p>\n\n\n\n<p>Le paiement est \u00e0 faire en 2 ou 3 fois en CB via le site internet ou Esp\u00e8ce sur place.<br>Pour le r\u00e8glement en CB, cliquer ici : <a data-type=\"link\" data-id=\"https:\/\/www.payasso.fr\/kravmaga-blackbelt-93\/inscription\" href=\"https:\/\/www.payasso.fr\/kravmaga-blackbelt-93\/inscription\">Formulaire d&#8217;inscription<\/a><\/p>\n<\/div>\n\n\n\n<div style=\"height:30px\" aria-hidden=\"true\" class=\"wp-block-spacer\"><\/div>\n\n\n\n<div class=\"wp-block-buttons is-layout-flex wp-block-buttons-is-layout-flex\">\n<div class=\"wp-block-button\"><a class=\"wp-block-button__link wp-element-button\" href=\"https:\/\/www.payasso.fr\/kravmaga-blackbelt-93\/inscription\">Formulaire d&#8217;inscription<\/a><\/div>\n<\/div>\n\n\n\n<div class=\"wp-block-group is-vertical is-layout-flex wp-container-core-group-is-layout-8cf370e7 wp-block-group-is-layout-flex\">\n<div style=\"height:29px\" aria-hidden=\"true\" class=\"wp-block-spacer wp-container-content-c0740251\"><\/div>\n\n\n\n<h3 class=\"wp-block-heading\">La tenue<\/h3>\n\n\n\n<ul class=\"wp-block-list\">\n<li>Pantalon noir<\/li>\n\n\n\n<li>Tee-Shirt blanc<\/li>\n<\/ul>\n\n\n\n<p>La tenue peut etre achet\u00e9e directement au club.<\/p>\n<\/div>\n\n\n\n<div style=\"height:30px\" aria-hidden=\"true\" class=\"wp-block-spacer\"><\/div>\n\n\n\n<div class=\"wp-block-buttons is-layout-flex wp-block-buttons-is-layout-flex\">\n<div class=\"wp-block-button\"><a class=\"wp-block-button__link wp-element-button\" href=\"https:\/\/www.payasso.fr\/krav-maga-black-belt-93\/boutique\">La Boutique<\/a><\/div>\n<\/div>\n\n\n\n<div class=\"wp-block-group is-vertical is-layout-flex wp-container-core-group-is-layout-8cf370e7 wp-block-group-is-layout-flex\">\n<div style=\"height:29px\" aria-hidden=\"true\" class=\"wp-block-spacer wp-container-content-c0740251\"><\/div>\n\n\n\n<h3 class=\"wp-block-heading\">L&#8217;\u00e9quipement<\/h3>\n\n\n\n<p><\/p>\n\n\n\n<p>Equipements <strong>obligatoires<\/strong><\/p>\n\n\n\n<div class=\"wp-block-columns is-layout-flex wp-container-core-columns-is-layout-9d6595d7 wp-block-columns-is-layout-flex\">\n<div class=\"wp-block-column is-layout-flow wp-block-column-is-layout-flow\">\n<p>Gar\u00e7ons \/ Homme<\/p>\n\n\n\n<ul class=\"wp-block-list\">\n<li>Gants de boxe 12Oz<\/li>\n\n\n\n<li>Prot\u00e8ge dents<\/li>\n\n\n\n<li>Prot\u00e8ge tibia<\/li>\n\n\n\n<li>Coquille<\/li>\n<\/ul>\n<\/div>\n\n\n\n<div class=\"wp-block-column is-layout-flow wp-block-column-is-layout-flow\"><\/div>\n\n\n\n<div class=\"wp-block-column is-layout-flow wp-block-column-is-layout-flow\">\n<p>Filles \/ Femmes<\/p>\n\n\n\n<ul class=\"wp-block-list\">\n<li>Gants de boxe 12Oz<\/li>\n\n\n\n<li>Prot\u00e8ge dents<\/li>\n\n\n\n<li>Prot\u00e8ge tibia<\/li>\n\n\n\n<li>Prot\u00e8ge sex<\/li>\n\n\n\n<li>Prot\u00e8ge poitrine<\/li>\n<\/ul>\n<\/div>\n<\/div>\n\n\n\n<p>Equipements facultatifs<\/p>\n\n\n\n<ul class=\"wp-block-list\">\n<li>Genouill\u00e8re<\/li>\n\n\n\n<li>Coudi\u00e8re<\/li>\n\n\n\n<li>Casque<\/li>\n\n\n\n<li>Prot\u00e8ge pied<\/li>\n<\/ul>\n\n\n\n<p><\/p>\n\n\n\n<p>Un partenariat est en cours de n\u00e9gociation.<\/p>\n\n\n\n<div style=\"height:29px\" aria-hidden=\"true\" class=\"wp-block-spacer wp-container-content-7eea9941\"><\/div>\n<\/div>\n\n\n\n<div style=\"height:20px\" aria-hidden=\"true\" class=\"wp-block-spacer\"><\/div>\n\n\n\n<div class=\"wp-block-group is-layout-grid wp-container-core-group-is-layout-9649a0d9 wp-block-group-is-layout-grid\">\n<div data-wp-interactive=\"core\/file\" class=\"wp-block-file\"><object data-wp-bind--hidden=\"!state.hasPdfPreview\" hidden class=\"wp-block-file__embed\" data=\"https:\/\/kravmaga-blackbelt-93.fr\/wp-content\/uploads\/REGLEMENT-INTERIEUR.pdf\" type=\"application\/pdf\" style=\"width:100%;height:200px\" aria-label=\"Embed of REGLEMENT INTERIEUR.\"><\/object><a id=\"wp-block-file--media-cc12849d-9e2b-48ff-866e-bdde043767cf\" href=\"https:\/\/kravmaga-blackbelt-93.fr\/wp-content\/uploads\/REGLEMENT-INTERIEUR.pdf\">REGLEMENT INTERIEUR<\/a><a href=\"https:\/\/kravmaga-blackbelt-93.fr\/wp-content\/uploads\/REGLEMENT-INTERIEUR.pdf\" class=\"wp-block-file__button wp-element-button\" download aria-describedby=\"wp-block-file--media-cc12849d-9e2b-48ff-866e-bdde043767cf\">T\u00e9l\u00e9charger<\/a><\/div>\n\n\n\n<div data-wp-interactive=\"core\/file\" class=\"wp-block-file\"><object data-wp-bind--hidden=\"!state.hasPdfPreview\" hidden class=\"wp-block-file__embed\" data=\"https:\/\/kravmaga-blackbelt-93.fr\/wp-content\/uploads\/Autorisation_parentale-attest.-mineur.pdf\" type=\"application\/pdf\" style=\"width:100%;height:200px\" aria-label=\"Embed of Autorisation_parentale+ attest. mineur.\"><\/object><a id=\"wp-block-file--media-bb16fe9f-7f07-4136-b5bb-a7dfe3ebf4bf\" href=\"https:\/\/kravmaga-blackbelt-93.fr\/wp-content\/uploads\/Autorisation_parentale-attest.-mineur.pdf\">Autorisation_parentale+ attest. mineur<\/a><a href=\"https:\/\/kravmaga-blackbelt-93.fr\/wp-content\/uploads\/Autorisation_parentale-attest.-mineur.pdf\" class=\"wp-block-file__button wp-element-button\" download aria-describedby=\"wp-block-file--media-bb16fe9f-7f07-4136-b5bb-a7dfe3ebf4bf\">T\u00e9l\u00e9charger<\/a><\/div>\n\n\n\n<div data-wp-interactive=\"core\/file\" class=\"wp-block-file\"><object data-wp-bind--hidden=\"!state.hasPdfPreview\" hidden class=\"wp-block-file__embed\" data=\"https:\/\/kravmaga-blackbelt-93.fr\/wp-content\/uploads\/QS-Sport-Attestation-cours-essai.pdf\" type=\"application\/pdf\" style=\"width:100%;height:200px\" aria-label=\"Embed of QS-Sport + Attestation cours essai.\"><\/object><a id=\"wp-block-file--media-221e71fb-8981-40a6-8b0e-efc7f496f54d\" href=\"https:\/\/kravmaga-blackbelt-93.fr\/wp-content\/uploads\/QS-Sport-Attestation-cours-essai.pdf\">QS-Sport + Attestation cours essai<\/a><a href=\"https:\/\/kravmaga-blackbelt-93.fr\/wp-content\/uploads\/QS-Sport-Attestation-cours-essai.pdf\" class=\"wp-block-file__button wp-element-button\" download aria-describedby=\"wp-block-file--media-221e71fb-8981-40a6-8b0e-efc7f496f54d\">T\u00e9l\u00e9charger<\/a><\/div>\n\n\n\n<div data-wp-interactive=\"core\/file\" class=\"wp-block-file\"><object data-wp-bind--hidden=\"!state.hasPdfPreview\" hidden class=\"wp-block-file__embed\" data=\"https:\/\/kravmaga-blackbelt-93.fr\/wp-content\/uploads\/Inscription_cours_essai.pdf\" type=\"application\/pdf\" style=\"width:100%;height:200px\" aria-label=\"Embed of Inscription_cours_essai.\"><\/object><a id=\"wp-block-file--media-7e4653ef-cd9a-401b-9f4e-dab42164cc48\" href=\"https:\/\/kravmaga-blackbelt-93.fr\/wp-content\/uploads\/Inscription_cours_essai.pdf\">Inscription_cours_essai<\/a><a href=\"https:\/\/kravmaga-blackbelt-93.fr\/wp-content\/uploads\/Inscription_cours_essai.pdf\" class=\"wp-block-file__button wp-element-button\" download aria-describedby=\"wp-block-file--media-7e4653ef-cd9a-401b-9f4e-dab42164cc48\">T\u00e9l\u00e9charger<\/a><\/div>\n<\/div>\n","protected":false},"excerpt":{"rendered":"<p>Plus qu&#8217;un entra\u00eenement, une \u00e9quipe Nos cours de Krav Maga sont ouverts \u00e0 tous, quel que soit votre niveau. Nous vous accueillerons avec plaisir dans une ambiance conviviale, ax\u00e9e sur la pratique et le respect mutuel. Veuillez noter que l&#8217;\u00e2ge minimum requis pour participer \u00e0 nos sessions est de 15 ans. Cours d&#8217;essai GRATUIT ! [&hellip;]<\/p>\n","protected":false},"author":1,"featured_media":0,"parent":0,"menu_order":0,"comment_status":"closed","ping_status":"closed","template":"","meta":{"footnotes":""},"class_list":["post-400","page","type-page","status-publish","hentry"],"yoast_head":"<!-- This site is optimized with the Yoast SEO plugin v27.4 - https:\/\/yoast.com\/product\/yoast-seo-wordpress\/ -->\n<title>Inscription - Krav Maga Black Belt 93<\/title>\n<meta name=\"robots\" content=\"index, follow, max-snippet:-1, max-image-preview:large, max-video-preview:-1\" \/>\n<link rel=\"canonical\" href=\"https:\/\/kravmaga-blackbelt-93.fr\/index.php\/inscription\/\" \/>\n<meta property=\"og:locale\" content=\"en_US\" \/>\n<meta property=\"og:type\" content=\"article\" \/>\n<meta property=\"og:title\" content=\"Inscription - Krav Maga Black Belt 93\" \/>\n<meta property=\"og:description\" content=\"Plus qu&#8217;un entra\u00eenement, une \u00e9quipe Nos cours de Krav Maga sont ouverts \u00e0 tous, quel que soit votre niveau. Nous vous accueillerons avec plaisir dans une ambiance conviviale, ax\u00e9e sur la pratique et le respect mutuel. Veuillez noter que l&#8217;\u00e2ge minimum requis pour participer \u00e0 nos sessions est de 15 ans. Cours d&#8217;essai GRATUIT ! [&hellip;]\" \/>\n<meta property=\"og:url\" content=\"https:\/\/kravmaga-blackbelt-93.fr\/index.php\/inscription\/\" \/>\n<meta property=\"og:site_name\" content=\"Krav Maga Black Belt 93\" \/>\n<meta property=\"article:publisher\" content=\"https:\/\/www.facebook.com\/people\/Krav-Maga-BlackBelt\/61565493506169\" \/>\n<meta property=\"article:modified_time\" content=\"2026-02-17T15:53:14+00:00\" \/>\n<meta name=\"twitter:card\" content=\"summary_large_image\" \/>\n<meta name=\"twitter:label1\" content=\"Est. reading time\" \/>\n\t<meta name=\"twitter:data1\" content=\"3 minutes\" \/>\n<script type=\"application\/ld+json\" class=\"yoast-schema-graph\">{\"@context\":\"https:\\\/\\\/schema.org\",\"@graph\":[{\"@type\":\"WebPage\",\"@id\":\"https:\\\/\\\/kravmaga-blackbelt-93.fr\\\/index.php\\\/inscription\\\/\",\"url\":\"https:\\\/\\\/kravmaga-blackbelt-93.fr\\\/index.php\\\/inscription\\\/\",\"name\":\"Inscription - Krav Maga Black Belt 93\",\"isPartOf\":{\"@id\":\"https:\\\/\\\/kravmaga-blackbelt-93.fr\\\/#website\"},\"datePublished\":\"2025-11-07T15:40:11+00:00\",\"dateModified\":\"2026-02-17T15:53:14+00:00\",\"breadcrumb\":{\"@id\":\"https:\\\/\\\/kravmaga-blackbelt-93.fr\\\/index.php\\\/inscription\\\/#breadcrumb\"},\"inLanguage\":\"en-US\",\"potentialAction\":[{\"@type\":\"ReadAction\",\"target\":[\"https:\\\/\\\/kravmaga-blackbelt-93.fr\\\/index.php\\\/inscription\\\/\"]}]},{\"@type\":\"BreadcrumbList\",\"@id\":\"https:\\\/\\\/kravmaga-blackbelt-93.fr\\\/index.php\\\/inscription\\\/#breadcrumb\",\"itemListElement\":[{\"@type\":\"ListItem\",\"position\":1,\"name\":\"Accueil\",\"item\":\"https:\\\/\\\/kravmaga-blackbelt-93.fr\\\/\"},{\"@type\":\"ListItem\",\"position\":2,\"name\":\"Inscription\"}]},{\"@type\":\"WebSite\",\"@id\":\"https:\\\/\\\/kravmaga-blackbelt-93.fr\\\/#website\",\"url\":\"https:\\\/\\\/kravmaga-blackbelt-93.fr\\\/\",\"name\":\"Krav Maga Black Belt 93\",\"description\":\"\",\"publisher\":{\"@id\":\"https:\\\/\\\/kravmaga-blackbelt-93.fr\\\/#organization\"},\"alternateName\":\"KM2B93 KMBB93 Krav Maga Aulnay sous Bois\",\"potentialAction\":[{\"@type\":\"SearchAction\",\"target\":{\"@type\":\"EntryPoint\",\"urlTemplate\":\"https:\\\/\\\/kravmaga-blackbelt-93.fr\\\/?s={search_term_string}\"},\"query-input\":{\"@type\":\"PropertyValueSpecification\",\"valueRequired\":true,\"valueName\":\"search_term_string\"}}],\"inLanguage\":\"en-US\"},{\"@type\":\"Organization\",\"@id\":\"https:\\\/\\\/kravmaga-blackbelt-93.fr\\\/#organization\",\"name\":\"Krav Maga Black Belt 93 - Aulnay sous Bois\",\"url\":\"https:\\\/\\\/kravmaga-blackbelt-93.fr\\\/\",\"logo\":{\"@type\":\"ImageObject\",\"inLanguage\":\"en-US\",\"@id\":\"https:\\\/\\\/kravmaga-blackbelt-93.fr\\\/#\\\/schema\\\/logo\\\/image\\\/\",\"url\":\"https:\\\/\\\/kravmaga-blackbelt-93.fr\\\/wp-content\\\/uploads\\\/2025\\\/08\\\/cropped-Logo-New.jpg\",\"contentUrl\":\"https:\\\/\\\/kravmaga-blackbelt-93.fr\\\/wp-content\\\/uploads\\\/2025\\\/08\\\/cropped-Logo-New.jpg\",\"width\":1282,\"height\":1328,\"caption\":\"Krav Maga Black Belt 93 - Aulnay sous Bois\"},\"image\":{\"@id\":\"https:\\\/\\\/kravmaga-blackbelt-93.fr\\\/#\\\/schema\\\/logo\\\/image\\\/\"},\"sameAs\":[\"https:\\\/\\\/www.facebook.com\\\/people\\\/Krav-Maga-BlackBelt\\\/61565493506169\",\"https:\\\/\\\/www.instagram.com\\\/kravmaga.blackbelt.93\",\"https:\\\/\\\/share.google\\\/cUAo8vgkkXyy5NLsB\"]}]}<\/script>\n<!-- \/ Yoast SEO plugin. -->","yoast_head_json":{"title":"Inscription - Krav Maga Black Belt 93","robots":{"index":"index","follow":"follow","max-snippet":"max-snippet:-1","max-image-preview":"max-image-preview:large","max-video-preview":"max-video-preview:-1"},"canonical":"https:\/\/kravmaga-blackbelt-93.fr\/index.php\/inscription\/","og_locale":"en_US","og_type":"article","og_title":"Inscription - Krav Maga Black Belt 93","og_description":"Plus qu&#8217;un entra\u00eenement, une \u00e9quipe Nos cours de Krav Maga sont ouverts \u00e0 tous, quel que soit votre niveau. Nous vous accueillerons avec plaisir dans une ambiance conviviale, ax\u00e9e sur la pratique et le respect mutuel. Veuillez noter que l&#8217;\u00e2ge minimum requis pour participer \u00e0 nos sessions est de 15 ans. Cours d&#8217;essai GRATUIT ! [&hellip;]","og_url":"https:\/\/kravmaga-blackbelt-93.fr\/index.php\/inscription\/","og_site_name":"Krav Maga Black Belt 93","article_publisher":"https:\/\/www.facebook.com\/people\/Krav-Maga-BlackBelt\/61565493506169","article_modified_time":"2026-02-17T15:53:14+00:00","twitter_card":"summary_large_image","twitter_misc":{"Est. reading time":"3 minutes"},"schema":{"@context":"https:\/\/schema.org","@graph":[{"@type":"WebPage","@id":"https:\/\/kravmaga-blackbelt-93.fr\/index.php\/inscription\/","url":"https:\/\/kravmaga-blackbelt-93.fr\/index.php\/inscription\/","name":"Inscription - Krav Maga Black Belt 93","isPartOf":{"@id":"https:\/\/kravmaga-blackbelt-93.fr\/#website"},"datePublished":"2025-11-07T15:40:11+00:00","dateModified":"2026-02-17T15:53:14+00:00","breadcrumb":{"@id":"https:\/\/kravmaga-blackbelt-93.fr\/index.php\/inscription\/#breadcrumb"},"inLanguage":"en-US","potentialAction":[{"@type":"ReadAction","target":["https:\/\/kravmaga-blackbelt-93.fr\/index.php\/inscription\/"]}]},{"@type":"BreadcrumbList","@id":"https:\/\/kravmaga-blackbelt-93.fr\/index.php\/inscription\/#breadcrumb","itemListElement":[{"@type":"ListItem","position":1,"name":"Accueil","item":"https:\/\/kravmaga-blackbelt-93.fr\/"},{"@type":"ListItem","position":2,"name":"Inscription"}]},{"@type":"WebSite","@id":"https:\/\/kravmaga-blackbelt-93.fr\/#website","url":"https:\/\/kravmaga-blackbelt-93.fr\/","name":"Krav Maga Black Belt 93","description":"","publisher":{"@id":"https:\/\/kravmaga-blackbelt-93.fr\/#organization"},"alternateName":"KM2B93 KMBB93 Krav Maga Aulnay sous Bois","potentialAction":[{"@type":"SearchAction","target":{"@type":"EntryPoint","urlTemplate":"https:\/\/kravmaga-blackbelt-93.fr\/?s={search_term_string}"},"query-input":{"@type":"PropertyValueSpecification","valueRequired":true,"valueName":"search_term_string"}}],"inLanguage":"en-US"},{"@type":"Organization","@id":"https:\/\/kravmaga-blackbelt-93.fr\/#organization","name":"Krav Maga Black Belt 93 - Aulnay sous Bois","url":"https:\/\/kravmaga-blackbelt-93.fr\/","logo":{"@type":"ImageObject","inLanguage":"en-US","@id":"https:\/\/kravmaga-blackbelt-93.fr\/#\/schema\/logo\/image\/","url":"https:\/\/kravmaga-blackbelt-93.fr\/wp-content\/uploads\/2025\/08\/cropped-Logo-New.jpg","contentUrl":"https:\/\/kravmaga-blackbelt-93.fr\/wp-content\/uploads\/2025\/08\/cropped-Logo-New.jpg","width":1282,"height":1328,"caption":"Krav Maga Black Belt 93 - Aulnay sous Bois"},"image":{"@id":"https:\/\/kravmaga-blackbelt-93.fr\/#\/schema\/logo\/image\/"},"sameAs":["https:\/\/www.facebook.com\/people\/Krav-Maga-BlackBelt\/61565493506169","https:\/\/www.instagram.com\/kravmaga.blackbelt.93","https:\/\/share.google\/cUAo8vgkkXyy5NLsB"]}]}},"_links":{"self":[{"href":"https:\/\/kravmaga-blackbelt-93.fr\/index.php\/wp-json\/wp\/v2\/pages\/400","targetHints":{"allow":["GET"]}}],"collection":[{"href":"https:\/\/kravmaga-blackbelt-93.fr\/index.php\/wp-json\/wp\/v2\/pages"}],"about":[{"href":"https:\/\/kravmaga-blackbelt-93.fr\/index.php\/wp-json\/wp\/v2\/types\/page"}],"author":[{"embeddable":true,"href":"https:\/\/kravmaga-blackbelt-93.fr\/index.php\/wp-json\/wp\/v2\/users\/1"}],"replies":[{"embeddable":true,"href":"https:\/\/kravmaga-blackbelt-93.fr\/index.php\/wp-json\/wp\/v2\/comments?post=400"}],"version-history":[{"count":10,"href":"https:\/\/kravmaga-blackbelt-93.fr\/index.php\/wp-json\/wp\/v2\/pages\/400\/revisions"}],"predecessor-version":[{"id":436,"href":"https:\/\/kravmaga-blackbelt-93.fr\/index.php\/wp-json\/wp\/v2\/pages\/400\/revisions\/436"}],"wp:attachment":[{"href":"https:\/\/kravmaga-blackbelt-93.fr\/index.php\/wp-json\/wp\/v2\/media?parent=400"}],"curies":[{"name":"wp","href":"https:\/\/api.w.org\/{rel}","templated":true}]}}