{"id":385,"date":"2025-11-07T15:59:11","date_gmt":"2025-11-07T14:59:11","guid":{"rendered":"https:\/\/kravmaga-blackbelt-93.fr\/?page_id=385"},"modified":"2025-11-11T18:08:12","modified_gmt":"2025-11-11T17:08:12","slug":"programmes-techniques-fekm","status":"publish","type":"page","link":"https:\/\/kravmaga-blackbelt-93.fr\/index.php\/programmes-techniques-fekm\/","title":{"rendered":"Programmes"},"content":{"rendered":"\n<div class=\"wp-block-group is-vertical is-layout-flex wp-container-core-group-is-layout-8cf370e7 wp-block-group-is-layout-flex\">\n<h2 class=\"wp-block-heading alignwide has-text-align-center\" id=\"we-re-a-studio-in-berlin-with-an-international-practice-in-architecture-urban-planning-and-interior-design-we-believe-in-sharing-knowledge-and-promoting-dialogue-to-increase-the-creative-potential-of-collaboration\" style=\"font-size:48px;line-height:1.1\">Les programmes technique officiels de la FEKM<\/h2>\n\n\n\n<div style=\"height:100px\" aria-hidden=\"true\" class=\"wp-block-spacer wp-container-content-c0740251\"><\/div>\n\n\n\n<p>L&#8217;apprentissage du Krav Maga suit une <strong>progression structur\u00e9e<\/strong> pour d\u00e9velopper les aptitudes des pratiquants. La <strong>Ceinture Noire<\/strong> est accessible apr\u00e8s <strong>6 ans de pratique<\/strong>.<\/p>\n\n\n\n<p>Apr\u00e8s l&#8217;obtention de la Ceinture Noire (selon la F\u00e9d\u00e9ration Europ\u00e9enne de Krav Maga &#8211; FEKM), le niveau est d\u00e9sign\u00e9 par le terme <strong>\u00ab Darga \u00bb<\/strong>. Ce terme est propre \u00e0 la FEKM et <strong>ne doit pas \u00eatre confondu<\/strong> avec le <strong>\u00ab Dan \u00bb<\/strong>, dont l&#8217;usage est r\u00e9serv\u00e9 l\u00e9galement en France \u00e0 la FFKDA (F\u00e9d\u00e9ration Fran\u00e7aise de Karat\u00e9 et Disciplines Associ\u00e9es, conform\u00e9ment au Code du Sport).<\/p>\n\n\n\n<div style=\"height:100px\" aria-hidden=\"true\" class=\"wp-block-spacer wp-container-content-16d1eb73\"><\/div>\n\n\n\n<p>Vous trouverez ici les programmes officiels pour l&#8217;ensemble des grades :<\/p>\n\n\n\n<div aria-hidden=\"true\" class=\"wp-block-spacer wp-container-content-16d1eb73\"><\/div>\n\n\n\n<ul class=\"wp-block-list has-medium-font-size\">\n<li><a href=\"https:\/\/www.krav-maga.net\/wp-content\/uploads\/sites\/2\/2025\/09\/PASSAGE-DE-GRADE-CEINTURE-JAUNE.pdf\">Programme passage Jaune<\/a><\/li>\n\n\n\n<li><a href=\"https:\/\/www.krav-maga.net\/wp-content\/uploads\/sites\/2\/2025\/09\/PASSAGE-DE-GRADE-CEINTURE-ORANGE.pdf\">Programme passage Orange<\/a><\/li>\n\n\n\n<li><a href=\"https:\/\/www.krav-maga.net\/wp-content\/uploads\/sites\/2\/2025\/09\/PASSAGE-DE-GRADE-CEINTURE-VERTE.pdf\">Programme passage Verte<\/a><\/li>\n\n\n\n<li><a href=\"https:\/\/www.krav-maga.net\/wp-content\/uploads\/sites\/2\/2025\/09\/PASSAGE-DE-GRADE-CEINTURE-BLEUE.pdf\">Programme passage Bleue<\/a><\/li>\n\n\n\n<li><a href=\"https:\/\/www.krav-maga.net\/wp-content\/uploads\/sites\/2\/2025\/09\/PASSAGE-DE-GRADE-CEINTURE-MARRON.pdf\">Programme passage Marron<\/a><\/li>\n\n\n\n<li><a href=\"https:\/\/www.krav-maga.net\/wp-content\/uploads\/sites\/2\/2023\/09\/PASSAGE-DE-GRADE-CEINTURE-NOIRE-1ERE-DARGA.pdf\">Programme passage Noire<\/a><\/li>\n\n\n\n<li><a href=\"https:\/\/www.krav-maga.net\/wp-content\/uploads\/sites\/2\/2023\/09\/PASSAGE-DE-GRADE-CEINTURE-NOIRE-2EME-DARGA.pdf\">Programme passage Noire 2<\/a><\/li>\n\n\n\n<li><a href=\"https:\/\/www.krav-maga.net\/wp-content\/uploads\/sites\/2\/2023\/09\/PASSAGE-DE-GRADE-CEINTURE-NOIRE-3EME-DARGA.pdf\">Programme passage Noire 3<\/a><\/li>\n\n\n\n<li><a href=\"https:\/\/www.krav-maga.net\/wp-content\/uploads\/sites\/2\/2023\/09\/PASSAGE-DE-GRADE-CEINTURE-NOIRE-4EME-DARGA.pdf\">Programme passage Noire 4<\/a><\/li>\n\n\n\n<li><a href=\"https:\/\/www.krav-maga.net\/wp-content\/uploads\/sites\/2\/2023\/09\/PASSAGE-DE-GRADE-CEINTURE-NOIRE-5EME-DARGA.pdf\">Programme passage Noire 5<\/a><\/li>\n<\/ul>\n<\/div>\n","protected":false},"excerpt":{"rendered":"<p>Les programmes technique officiels de la FEKM L&#8217;apprentissage du Krav Maga suit une progression structur\u00e9e pour d\u00e9velopper les aptitudes des pratiquants. La Ceinture Noire est accessible apr\u00e8s 6 ans de pratique. Apr\u00e8s l&#8217;obtention de la Ceinture Noire (selon la F\u00e9d\u00e9ration Europ\u00e9enne de Krav Maga &#8211; FEKM), le niveau est d\u00e9sign\u00e9 par le terme \u00ab Darga [&hellip;]<\/p>\n","protected":false},"author":1,"featured_media":0,"parent":0,"menu_order":0,"comment_status":"closed","ping_status":"closed","template":"","meta":{"footnotes":""},"class_list":["post-385","page","type-page","status-publish","hentry"],"yoast_head":"<!-- This site is optimized with the Yoast SEO plugin v27.4 - https:\/\/yoast.com\/product\/yoast-seo-wordpress\/ -->\n<title>Programmes - Krav Maga Black Belt 93<\/title>\n<meta name=\"robots\" content=\"index, follow, max-snippet:-1, max-image-preview:large, max-video-preview:-1\" \/>\n<link rel=\"canonical\" href=\"https:\/\/kravmaga-blackbelt-93.fr\/index.php\/programmes-techniques-fekm\/\" \/>\n<meta property=\"og:locale\" content=\"en_US\" \/>\n<meta property=\"og:type\" content=\"article\" \/>\n<meta property=\"og:title\" content=\"Programmes - Krav Maga Black Belt 93\" \/>\n<meta property=\"og:description\" content=\"Les programmes technique officiels de la FEKM L&#8217;apprentissage du Krav Maga suit une progression structur\u00e9e pour d\u00e9velopper les aptitudes des pratiquants. La Ceinture Noire est accessible apr\u00e8s 6 ans de pratique. Apr\u00e8s l&#8217;obtention de la Ceinture Noire (selon la F\u00e9d\u00e9ration Europ\u00e9enne de Krav Maga &#8211; FEKM), le niveau est d\u00e9sign\u00e9 par le terme \u00ab Darga [&hellip;]\" \/>\n<meta property=\"og:url\" content=\"https:\/\/kravmaga-blackbelt-93.fr\/index.php\/programmes-techniques-fekm\/\" \/>\n<meta property=\"og:site_name\" content=\"Krav Maga Black Belt 93\" \/>\n<meta property=\"article:publisher\" content=\"https:\/\/www.facebook.com\/people\/Krav-Maga-BlackBelt\/61565493506169\" \/>\n<meta property=\"article:modified_time\" content=\"2025-11-11T17:08:12+00:00\" \/>\n<meta name=\"twitter:card\" content=\"summary_large_image\" \/>\n<meta name=\"twitter:label1\" content=\"Est. reading time\" \/>\n\t<meta name=\"twitter:data1\" content=\"1 minute\" \/>\n<script type=\"application\/ld+json\" class=\"yoast-schema-graph\">{\"@context\":\"https:\\\/\\\/schema.org\",\"@graph\":[{\"@type\":\"WebPage\",\"@id\":\"https:\\\/\\\/kravmaga-blackbelt-93.fr\\\/index.php\\\/programmes-techniques-fekm\\\/\",\"url\":\"https:\\\/\\\/kravmaga-blackbelt-93.fr\\\/index.php\\\/programmes-techniques-fekm\\\/\",\"name\":\"Programmes - Krav Maga Black Belt 93\",\"isPartOf\":{\"@id\":\"https:\\\/\\\/kravmaga-blackbelt-93.fr\\\/#website\"},\"datePublished\":\"2025-11-07T14:59:11+00:00\",\"dateModified\":\"2025-11-11T17:08:12+00:00\",\"breadcrumb\":{\"@id\":\"https:\\\/\\\/kravmaga-blackbelt-93.fr\\\/index.php\\\/programmes-techniques-fekm\\\/#breadcrumb\"},\"inLanguage\":\"en-US\",\"potentialAction\":[{\"@type\":\"ReadAction\",\"target\":[\"https:\\\/\\\/kravmaga-blackbelt-93.fr\\\/index.php\\\/programmes-techniques-fekm\\\/\"]}]},{\"@type\":\"BreadcrumbList\",\"@id\":\"https:\\\/\\\/kravmaga-blackbelt-93.fr\\\/index.php\\\/programmes-techniques-fekm\\\/#breadcrumb\",\"itemListElement\":[{\"@type\":\"ListItem\",\"position\":1,\"name\":\"Accueil\",\"item\":\"https:\\\/\\\/kravmaga-blackbelt-93.fr\\\/\"},{\"@type\":\"ListItem\",\"position\":2,\"name\":\"Programmes\"}]},{\"@type\":\"WebSite\",\"@id\":\"https:\\\/\\\/kravmaga-blackbelt-93.fr\\\/#website\",\"url\":\"https:\\\/\\\/kravmaga-blackbelt-93.fr\\\/\",\"name\":\"Krav Maga Black Belt 93\",\"description\":\"\",\"publisher\":{\"@id\":\"https:\\\/\\\/kravmaga-blackbelt-93.fr\\\/#organization\"},\"alternateName\":\"KM2B93 KMBB93 Krav Maga Aulnay sous Bois\",\"potentialAction\":[{\"@type\":\"SearchAction\",\"target\":{\"@type\":\"EntryPoint\",\"urlTemplate\":\"https:\\\/\\\/kravmaga-blackbelt-93.fr\\\/?s={search_term_string}\"},\"query-input\":{\"@type\":\"PropertyValueSpecification\",\"valueRequired\":true,\"valueName\":\"search_term_string\"}}],\"inLanguage\":\"en-US\"},{\"@type\":\"Organization\",\"@id\":\"https:\\\/\\\/kravmaga-blackbelt-93.fr\\\/#organization\",\"name\":\"Krav Maga Black Belt 93 - Aulnay sous Bois\",\"url\":\"https:\\\/\\\/kravmaga-blackbelt-93.fr\\\/\",\"logo\":{\"@type\":\"ImageObject\",\"inLanguage\":\"en-US\",\"@id\":\"https:\\\/\\\/kravmaga-blackbelt-93.fr\\\/#\\\/schema\\\/logo\\\/image\\\/\",\"url\":\"https:\\\/\\\/kravmaga-blackbelt-93.fr\\\/wp-content\\\/uploads\\\/2025\\\/08\\\/cropped-Logo-New.jpg\",\"contentUrl\":\"https:\\\/\\\/kravmaga-blackbelt-93.fr\\\/wp-content\\\/uploads\\\/2025\\\/08\\\/cropped-Logo-New.jpg\",\"width\":1282,\"height\":1328,\"caption\":\"Krav Maga Black Belt 93 - Aulnay sous Bois\"},\"image\":{\"@id\":\"https:\\\/\\\/kravmaga-blackbelt-93.fr\\\/#\\\/schema\\\/logo\\\/image\\\/\"},\"sameAs\":[\"https:\\\/\\\/www.facebook.com\\\/people\\\/Krav-Maga-BlackBelt\\\/61565493506169\",\"https:\\\/\\\/www.instagram.com\\\/kravmaga.blackbelt.93\",\"https:\\\/\\\/share.google\\\/cUAo8vgkkXyy5NLsB\"]}]}<\/script>\n<!-- \/ Yoast SEO plugin. -->","yoast_head_json":{"title":"Programmes - Krav Maga Black Belt 93","robots":{"index":"index","follow":"follow","max-snippet":"max-snippet:-1","max-image-preview":"max-image-preview:large","max-video-preview":"max-video-preview:-1"},"canonical":"https:\/\/kravmaga-blackbelt-93.fr\/index.php\/programmes-techniques-fekm\/","og_locale":"en_US","og_type":"article","og_title":"Programmes - Krav Maga Black Belt 93","og_description":"Les programmes technique officiels de la FEKM L&#8217;apprentissage du Krav Maga suit une progression structur\u00e9e pour d\u00e9velopper les aptitudes des pratiquants. La Ceinture Noire est accessible apr\u00e8s 6 ans de pratique. Apr\u00e8s l&#8217;obtention de la Ceinture Noire (selon la F\u00e9d\u00e9ration Europ\u00e9enne de Krav Maga &#8211; FEKM), le niveau est d\u00e9sign\u00e9 par le terme \u00ab Darga [&hellip;]","og_url":"https:\/\/kravmaga-blackbelt-93.fr\/index.php\/programmes-techniques-fekm\/","og_site_name":"Krav Maga Black Belt 93","article_publisher":"https:\/\/www.facebook.com\/people\/Krav-Maga-BlackBelt\/61565493506169","article_modified_time":"2025-11-11T17:08:12+00:00","twitter_card":"summary_large_image","twitter_misc":{"Est. reading time":"1 minute"},"schema":{"@context":"https:\/\/schema.org","@graph":[{"@type":"WebPage","@id":"https:\/\/kravmaga-blackbelt-93.fr\/index.php\/programmes-techniques-fekm\/","url":"https:\/\/kravmaga-blackbelt-93.fr\/index.php\/programmes-techniques-fekm\/","name":"Programmes - Krav Maga Black Belt 93","isPartOf":{"@id":"https:\/\/kravmaga-blackbelt-93.fr\/#website"},"datePublished":"2025-11-07T14:59:11+00:00","dateModified":"2025-11-11T17:08:12+00:00","breadcrumb":{"@id":"https:\/\/kravmaga-blackbelt-93.fr\/index.php\/programmes-techniques-fekm\/#breadcrumb"},"inLanguage":"en-US","potentialAction":[{"@type":"ReadAction","target":["https:\/\/kravmaga-blackbelt-93.fr\/index.php\/programmes-techniques-fekm\/"]}]},{"@type":"BreadcrumbList","@id":"https:\/\/kravmaga-blackbelt-93.fr\/index.php\/programmes-techniques-fekm\/#breadcrumb","itemListElement":[{"@type":"ListItem","position":1,"name":"Accueil","item":"https:\/\/kravmaga-blackbelt-93.fr\/"},{"@type":"ListItem","position":2,"name":"Programmes"}]},{"@type":"WebSite","@id":"https:\/\/kravmaga-blackbelt-93.fr\/#website","url":"https:\/\/kravmaga-blackbelt-93.fr\/","name":"Krav Maga Black Belt 93","description":"","publisher":{"@id":"https:\/\/kravmaga-blackbelt-93.fr\/#organization"},"alternateName":"KM2B93 KMBB93 Krav Maga Aulnay sous Bois","potentialAction":[{"@type":"SearchAction","target":{"@type":"EntryPoint","urlTemplate":"https:\/\/kravmaga-blackbelt-93.fr\/?s={search_term_string}"},"query-input":{"@type":"PropertyValueSpecification","valueRequired":true,"valueName":"search_term_string"}}],"inLanguage":"en-US"},{"@type":"Organization","@id":"https:\/\/kravmaga-blackbelt-93.fr\/#organization","name":"Krav Maga Black Belt 93 - Aulnay sous Bois","url":"https:\/\/kravmaga-blackbelt-93.fr\/","logo":{"@type":"ImageObject","inLanguage":"en-US","@id":"https:\/\/kravmaga-blackbelt-93.fr\/#\/schema\/logo\/image\/","url":"https:\/\/kravmaga-blackbelt-93.fr\/wp-content\/uploads\/2025\/08\/cropped-Logo-New.jpg","contentUrl":"https:\/\/kravmaga-blackbelt-93.fr\/wp-content\/uploads\/2025\/08\/cropped-Logo-New.jpg","width":1282,"height":1328,"caption":"Krav Maga Black Belt 93 - Aulnay sous Bois"},"image":{"@id":"https:\/\/kravmaga-blackbelt-93.fr\/#\/schema\/logo\/image\/"},"sameAs":["https:\/\/www.facebook.com\/people\/Krav-Maga-BlackBelt\/61565493506169","https:\/\/www.instagram.com\/kravmaga.blackbelt.93","https:\/\/share.google\/cUAo8vgkkXyy5NLsB"]}]}},"_links":{"self":[{"href":"https:\/\/kravmaga-blackbelt-93.fr\/index.php\/wp-json\/wp\/v2\/pages\/385","targetHints":{"allow":["GET"]}}],"collection":[{"href":"https:\/\/kravmaga-blackbelt-93.fr\/index.php\/wp-json\/wp\/v2\/pages"}],"about":[{"href":"https:\/\/kravmaga-blackbelt-93.fr\/index.php\/wp-json\/wp\/v2\/types\/page"}],"author":[{"embeddable":true,"href":"https:\/\/kravmaga-blackbelt-93.fr\/index.php\/wp-json\/wp\/v2\/users\/1"}],"replies":[{"embeddable":true,"href":"https:\/\/kravmaga-blackbelt-93.fr\/index.php\/wp-json\/wp\/v2\/comments?post=385"}],"version-history":[{"count":8,"href":"https:\/\/kravmaga-blackbelt-93.fr\/index.php\/wp-json\/wp\/v2\/pages\/385\/revisions"}],"predecessor-version":[{"id":432,"href":"https:\/\/kravmaga-blackbelt-93.fr\/index.php\/wp-json\/wp\/v2\/pages\/385\/revisions\/432"}],"wp:attachment":[{"href":"https:\/\/kravmaga-blackbelt-93.fr\/index.php\/wp-json\/wp\/v2\/media?parent=385"}],"curies":[{"name":"wp","href":"https:\/\/api.w.org\/{rel}","templated":true}]}}