{"id":108,"date":"2025-05-09T10:21:52","date_gmt":"2025-05-09T08:21:52","guid":{"rendered":"https:\/\/kravmaga-blackbelt-93.fr\/?page_id=108"},"modified":"2025-11-11T18:05:40","modified_gmt":"2025-11-11T17:05:40","slug":"fekm","status":"publish","type":"page","link":"https:\/\/kravmaga-blackbelt-93.fr\/index.php\/fekm\/","title":{"rendered":"La FEKM"},"content":{"rendered":"\n<p><\/p>\n\n\n\n<h2 class=\"wp-block-heading has-text-align-center has-large-font-size\"><strong>La F\u00e9d\u00e9ration Europ\u00e9enne de Krav Maga (FEKM)<\/strong><\/h2>\n\n\n\n<p class=\"has-text-align-center\" style=\"font-size:28px\"><strong>L&#8217;H\u00e9ritage d&#8217;un Art, une Vision Europ\u00e9enne<\/strong><\/p>\n\n\n\n<p>La F\u00e9d\u00e9ration Europ\u00e9enne de Krav Maga (FEKM) est l&#8217;une des organisations majeures d\u00e9di\u00e9es \u00e0 l&#8217;enseignement et au d\u00e9veloppement du Krav Maga en Europe et au-del\u00e0. Elle s&#8217;inscrit dans la lign\u00e9e directe de l&#8217;enseignement du fondateur, Imi Lichtenfeld.<\/p>\n\n\n\n<p class=\"has-medium-font-size\"><br><strong>L&#8217;Origine de la FEKM :<\/strong><\/p>\n\n\n\n<p>La FEKM a \u00e9t\u00e9 fond\u00e9e par <strong>Richard Douieb<\/strong>, un \u00e9l\u00e8ve direct d&#8217;Imi Lichtenfeld. Richard Douieb a \u00e9t\u00e9 profond\u00e9ment marqu\u00e9 par l&#8217;efficacit\u00e9 et la philosophie du Krav Maga. Il a suivi un cursus intensif aupr\u00e8s du fondateur et a obtenu son dipl\u00f4me d&#8217;instructeur de ses mains.<\/p>\n\n\n\n<p>Richard Douieb a \u0153uvr\u00e9 \u00e0 la diffusion du Krav Maga, en veillant \u00e0 respecter l&#8217;authenticit\u00e9 de l&#8217;enseignement d&#8217;Imi. Face \u00e0 un int\u00e9r\u00eat croissant pour cette discipline, il a fond\u00e9 la F\u00e9d\u00e9ration Europ\u00e9enne de Krav Maga dans le but de structurer l&#8217;enseignement, de former des instructeurs qualifi\u00e9s et de promouvoir le Krav Maga selon les principes \u00e9tablis par son cr\u00e9ateur.<\/p>\n\n\n<div class=\"wp-block-image\">\n<figure class=\"aligncenter size-large\"><img loading=\"lazy\" decoding=\"async\" width=\"1024\" height=\"768\" src=\"https:\/\/kravmaga-blackbelt-93.fr\/wp-content\/uploads\/FB_IMG_1739523713013-1024x768.jpg\" alt=\"\" class=\"wp-image-429\" srcset=\"https:\/\/kravmaga-blackbelt-93.fr\/wp-content\/uploads\/FB_IMG_1739523713013-1024x768.jpg 1024w, https:\/\/kravmaga-blackbelt-93.fr\/wp-content\/uploads\/FB_IMG_1739523713013-300x225.jpg 300w, https:\/\/kravmaga-blackbelt-93.fr\/wp-content\/uploads\/FB_IMG_1739523713013-768x576.jpg 768w, https:\/\/kravmaga-blackbelt-93.fr\/wp-content\/uploads\/FB_IMG_1739523713013.jpg 1080w\" sizes=\"auto, (max-width: 1024px) 100vw, 1024px\" \/><\/figure>\n<\/div>\n\n\n<p class=\"has-medium-font-size\"><br><strong>Richard Douieb : Le Pionnier Europ\u00e9en<\/strong><\/p>\n\n\n\n<p>Richard Douieb est reconnu comme le pionnier de l&#8217;introduction et du d\u00e9veloppement du Krav Maga en Europe. Gr\u00e2ce \u00e0 sa passion, son engagement et sa fid\u00e9lit\u00e9 \u00e0 l&#8217;enseignement d&#8217;Imi, il a permis \u00e0 des milliers de personnes de d\u00e9couvrir et de pratiquer cet art de self-d\u00e9fense.<\/p>\n\n\n\n<p>Sous sa direction, la FEKM s&#8217;est d\u00e9velopp\u00e9e en une f\u00e9d\u00e9ration solide, pr\u00e9sente dans de nombreux pays europ\u00e9ens et au-del\u00e0. Elle est garante d&#8217;un enseignement de qualit\u00e9, dispens\u00e9 par des instructeurs certifi\u00e9s et form\u00e9s selon un programme technique rigoureux, fid\u00e8le \u00e0 l&#8217;esprit et aux techniques originales du Krav Maga.<\/p>\n\n\n<div class=\"wp-block-image\">\n<figure class=\"aligncenter size-full\"><img loading=\"lazy\" decoding=\"async\" width=\"946\" height=\"712\" src=\"http:\/\/kravmaga-blackbelt-93.fr\/wp-content\/uploads\/FB_IMG_1739523720826.jpg\" alt=\"\" class=\"wp-image-428\" srcset=\"https:\/\/kravmaga-blackbelt-93.fr\/wp-content\/uploads\/FB_IMG_1739523720826.jpg 946w, https:\/\/kravmaga-blackbelt-93.fr\/wp-content\/uploads\/FB_IMG_1739523720826-300x226.jpg 300w, https:\/\/kravmaga-blackbelt-93.fr\/wp-content\/uploads\/FB_IMG_1739523720826-768x578.jpg 768w\" sizes=\"auto, (max-width: 946px) 100vw, 946px\" \/><\/figure>\n<\/div>\n\n\n<p class=\"has-medium-font-size\"><br><strong>La FEKM aujourd&#8217;hui :<\/strong><\/p>\n\n\n\n<p>Aujourd&#8217;hui, c&#8217;est <strong>Steve Schmitt<\/strong> qui est \u00e0 la t\u00eate de la f\u00e9d\u00e9ration en tant que pr\u00e9sident. Ayant commenc\u00e9 le Krav Maga en 1995, il est un \u00e9l\u00e8ve direct de Richard Douieb et une figure essentielle de la discipline en Europe. Fort d&#8217;une solide exp\u00e9rience et d&#8217;une p\u00e9dagogie reconnue, il a pris la direction de la FEKM en 2019, succ\u00e9dant \u00e0 son fondateur. Sous son leadership, la FEKM continue de se d\u00e9velopper, veillant \u00e0 maintenir les standards \u00e9lev\u00e9s de formation et d&#8217;enseignement qui ont fait sa r\u00e9putation.<\/p>\n\n\n\n<p>La FEKM promeut et d\u00e9veloppe le Krav Maga en Europe en s&#8217;appuyant sur plusieurs principes fondamentaux :<\/p>\n\n\n\n<ul class=\"wp-block-list\">\n<li><strong>La fid\u00e9lit\u00e9 \u00e0 l&#8217;enseignement d&#8217;Imi Lichtenfeld<\/strong>, le cr\u00e9ateur de la discipline.<\/li>\n\n\n\n<li><strong>La formation rigoureuse et continue de ses instructeurs<\/strong>, garantissant un enseignement de qualit\u00e9.<\/li>\n\n\n\n<li><strong>La diffusion d&#8217;un Krav Maga accessible \u00e0 tous<\/strong>, quels que soient l&#8217;\u00e2ge et la condition physique.<\/li>\n\n\n\n<li><strong>Le respect des valeurs<\/strong> d&#8217;humilit\u00e9, de discipline et d&#8217;entraide.<\/li>\n<\/ul>\n\n\n\n<p><strong>Steve Schmitt<\/strong> incarne la nouvelle g\u00e9n\u00e9ration de leaders du Krav Maga, alliant expertise technique et vision pour l&#8217;avenir de la discipline.<\/p>\n\n\n\n<p>En choisissant un club affili\u00e9 \u00e0 la FEKM, vous avez l&#8217;assurance de b\u00e9n\u00e9ficier d&#8217;un enseignement authentique et de qualit\u00e9, encadr\u00e9 par des professionnels passionn\u00e9s et comp\u00e9tents.<\/p>\n\n\n\n<p>Lien vers le site de la <a href=\"https:\/\/www.krav-maga.net\/\">FEKM<\/a><\/p>\n\n\n\n<p><\/p>\n","protected":false},"excerpt":{"rendered":"<p>La F\u00e9d\u00e9ration Europ\u00e9enne de Krav Maga (FEKM) L&#8217;H\u00e9ritage d&#8217;un Art, une Vision Europ\u00e9enne La F\u00e9d\u00e9ration Europ\u00e9enne de Krav Maga (FEKM) est l&#8217;une des organisations majeures d\u00e9di\u00e9es \u00e0 l&#8217;enseignement et au d\u00e9veloppement du Krav Maga en Europe et au-del\u00e0. Elle s&#8217;inscrit dans la lign\u00e9e directe de l&#8217;enseignement du fondateur, Imi Lichtenfeld. L&#8217;Origine de la FEKM : [&hellip;]<\/p>\n","protected":false},"author":1,"featured_media":0,"parent":0,"menu_order":0,"comment_status":"closed","ping_status":"closed","template":"","meta":{"footnotes":""},"class_list":["post-108","page","type-page","status-publish","hentry"],"yoast_head":"<!-- This site is optimized with the Yoast SEO plugin v27.5 - https:\/\/yoast.com\/product\/yoast-seo-wordpress\/ -->\n<title>La FEKM - Krav Maga Black Belt 93<\/title>\n<meta name=\"robots\" content=\"index, follow, max-snippet:-1, max-image-preview:large, max-video-preview:-1\" \/>\n<link rel=\"canonical\" href=\"https:\/\/kravmaga-blackbelt-93.fr\/index.php\/fekm\/\" \/>\n<meta property=\"og:locale\" content=\"en_US\" \/>\n<meta property=\"og:type\" content=\"article\" \/>\n<meta property=\"og:title\" content=\"La FEKM - Krav Maga Black Belt 93\" \/>\n<meta property=\"og:description\" content=\"La F\u00e9d\u00e9ration Europ\u00e9enne de Krav Maga (FEKM) L&#8217;H\u00e9ritage d&#8217;un Art, une Vision Europ\u00e9enne La F\u00e9d\u00e9ration Europ\u00e9enne de Krav Maga (FEKM) est l&#8217;une des organisations majeures d\u00e9di\u00e9es \u00e0 l&#8217;enseignement et au d\u00e9veloppement du Krav Maga en Europe et au-del\u00e0. Elle s&#8217;inscrit dans la lign\u00e9e directe de l&#8217;enseignement du fondateur, Imi Lichtenfeld. L&#8217;Origine de la FEKM : [&hellip;]\" \/>\n<meta property=\"og:url\" content=\"https:\/\/kravmaga-blackbelt-93.fr\/index.php\/fekm\/\" \/>\n<meta property=\"og:site_name\" content=\"Krav Maga Black Belt 93\" \/>\n<meta property=\"article:publisher\" content=\"https:\/\/www.facebook.com\/people\/Krav-Maga-BlackBelt\/61565493506169\" \/>\n<meta property=\"article:modified_time\" content=\"2025-11-11T17:05:40+00:00\" \/>\n<meta property=\"og:image\" content=\"https:\/\/kravmaga-blackbelt-93.fr\/wp-content\/uploads\/FB_IMG_1739523713013.jpg\" \/>\n\t<meta property=\"og:image:width\" content=\"1080\" \/>\n\t<meta property=\"og:image:height\" content=\"810\" \/>\n\t<meta property=\"og:image:type\" content=\"image\/jpeg\" \/>\n<meta name=\"twitter:card\" content=\"summary_large_image\" \/>\n<meta name=\"twitter:label1\" content=\"Est. reading time\" \/>\n\t<meta name=\"twitter:data1\" content=\"3 minutes\" \/>\n<script type=\"application\/ld+json\" class=\"yoast-schema-graph\">{\"@context\":\"https:\\\/\\\/schema.org\",\"@graph\":[{\"@type\":\"WebPage\",\"@id\":\"https:\\\/\\\/kravmaga-blackbelt-93.fr\\\/index.php\\\/fekm\\\/\",\"url\":\"https:\\\/\\\/kravmaga-blackbelt-93.fr\\\/index.php\\\/fekm\\\/\",\"name\":\"La FEKM - Krav Maga Black Belt 93\",\"isPartOf\":{\"@id\":\"https:\\\/\\\/kravmaga-blackbelt-93.fr\\\/#website\"},\"primaryImageOfPage\":{\"@id\":\"https:\\\/\\\/kravmaga-blackbelt-93.fr\\\/index.php\\\/fekm\\\/#primaryimage\"},\"image\":{\"@id\":\"https:\\\/\\\/kravmaga-blackbelt-93.fr\\\/index.php\\\/fekm\\\/#primaryimage\"},\"thumbnailUrl\":\"https:\\\/\\\/kravmaga-blackbelt-93.fr\\\/wp-content\\\/uploads\\\/FB_IMG_1739523713013-1024x768.jpg\",\"datePublished\":\"2025-05-09T08:21:52+00:00\",\"dateModified\":\"2025-11-11T17:05:40+00:00\",\"breadcrumb\":{\"@id\":\"https:\\\/\\\/kravmaga-blackbelt-93.fr\\\/index.php\\\/fekm\\\/#breadcrumb\"},\"inLanguage\":\"en-US\",\"potentialAction\":[{\"@type\":\"ReadAction\",\"target\":[\"https:\\\/\\\/kravmaga-blackbelt-93.fr\\\/index.php\\\/fekm\\\/\"]}]},{\"@type\":\"ImageObject\",\"inLanguage\":\"en-US\",\"@id\":\"https:\\\/\\\/kravmaga-blackbelt-93.fr\\\/index.php\\\/fekm\\\/#primaryimage\",\"url\":\"https:\\\/\\\/kravmaga-blackbelt-93.fr\\\/wp-content\\\/uploads\\\/FB_IMG_1739523713013.jpg\",\"contentUrl\":\"https:\\\/\\\/kravmaga-blackbelt-93.fr\\\/wp-content\\\/uploads\\\/FB_IMG_1739523713013.jpg\",\"width\":1080,\"height\":810},{\"@type\":\"BreadcrumbList\",\"@id\":\"https:\\\/\\\/kravmaga-blackbelt-93.fr\\\/index.php\\\/fekm\\\/#breadcrumb\",\"itemListElement\":[{\"@type\":\"ListItem\",\"position\":1,\"name\":\"Accueil\",\"item\":\"https:\\\/\\\/kravmaga-blackbelt-93.fr\\\/\"},{\"@type\":\"ListItem\",\"position\":2,\"name\":\"La FEKM\"}]},{\"@type\":\"WebSite\",\"@id\":\"https:\\\/\\\/kravmaga-blackbelt-93.fr\\\/#website\",\"url\":\"https:\\\/\\\/kravmaga-blackbelt-93.fr\\\/\",\"name\":\"Krav Maga Black Belt 93\",\"description\":\"\",\"publisher\":{\"@id\":\"https:\\\/\\\/kravmaga-blackbelt-93.fr\\\/#organization\"},\"alternateName\":\"KM2B93 KMBB93 Krav Maga Aulnay sous Bois\",\"potentialAction\":[{\"@type\":\"SearchAction\",\"target\":{\"@type\":\"EntryPoint\",\"urlTemplate\":\"https:\\\/\\\/kravmaga-blackbelt-93.fr\\\/?s={search_term_string}\"},\"query-input\":{\"@type\":\"PropertyValueSpecification\",\"valueRequired\":true,\"valueName\":\"search_term_string\"}}],\"inLanguage\":\"en-US\"},{\"@type\":\"Organization\",\"@id\":\"https:\\\/\\\/kravmaga-blackbelt-93.fr\\\/#organization\",\"name\":\"Krav Maga Black Belt 93 - Aulnay sous Bois\",\"url\":\"https:\\\/\\\/kravmaga-blackbelt-93.fr\\\/\",\"logo\":{\"@type\":\"ImageObject\",\"inLanguage\":\"en-US\",\"@id\":\"https:\\\/\\\/kravmaga-blackbelt-93.fr\\\/#\\\/schema\\\/logo\\\/image\\\/\",\"url\":\"https:\\\/\\\/kravmaga-blackbelt-93.fr\\\/wp-content\\\/uploads\\\/2025\\\/08\\\/cropped-Logo-New.jpg\",\"contentUrl\":\"https:\\\/\\\/kravmaga-blackbelt-93.fr\\\/wp-content\\\/uploads\\\/2025\\\/08\\\/cropped-Logo-New.jpg\",\"width\":1282,\"height\":1328,\"caption\":\"Krav Maga Black Belt 93 - Aulnay sous Bois\"},\"image\":{\"@id\":\"https:\\\/\\\/kravmaga-blackbelt-93.fr\\\/#\\\/schema\\\/logo\\\/image\\\/\"},\"sameAs\":[\"https:\\\/\\\/www.facebook.com\\\/people\\\/Krav-Maga-BlackBelt\\\/61565493506169\",\"https:\\\/\\\/www.instagram.com\\\/kravmaga.blackbelt.93\",\"https:\\\/\\\/share.google\\\/cUAo8vgkkXyy5NLsB\"]}]}<\/script>\n<!-- \/ Yoast SEO plugin. -->","yoast_head_json":{"title":"La FEKM - Krav Maga Black Belt 93","robots":{"index":"index","follow":"follow","max-snippet":"max-snippet:-1","max-image-preview":"max-image-preview:large","max-video-preview":"max-video-preview:-1"},"canonical":"https:\/\/kravmaga-blackbelt-93.fr\/index.php\/fekm\/","og_locale":"en_US","og_type":"article","og_title":"La FEKM - Krav Maga Black Belt 93","og_description":"La F\u00e9d\u00e9ration Europ\u00e9enne de Krav Maga (FEKM) L&#8217;H\u00e9ritage d&#8217;un Art, une Vision Europ\u00e9enne La F\u00e9d\u00e9ration Europ\u00e9enne de Krav Maga (FEKM) est l&#8217;une des organisations majeures d\u00e9di\u00e9es \u00e0 l&#8217;enseignement et au d\u00e9veloppement du Krav Maga en Europe et au-del\u00e0. Elle s&#8217;inscrit dans la lign\u00e9e directe de l&#8217;enseignement du fondateur, Imi Lichtenfeld. L&#8217;Origine de la FEKM : [&hellip;]","og_url":"https:\/\/kravmaga-blackbelt-93.fr\/index.php\/fekm\/","og_site_name":"Krav Maga Black Belt 93","article_publisher":"https:\/\/www.facebook.com\/people\/Krav-Maga-BlackBelt\/61565493506169","article_modified_time":"2025-11-11T17:05:40+00:00","og_image":[{"width":1080,"height":810,"url":"https:\/\/kravmaga-blackbelt-93.fr\/wp-content\/uploads\/FB_IMG_1739523713013.jpg","type":"image\/jpeg"}],"twitter_card":"summary_large_image","twitter_misc":{"Est. reading time":"3 minutes"},"schema":{"@context":"https:\/\/schema.org","@graph":[{"@type":"WebPage","@id":"https:\/\/kravmaga-blackbelt-93.fr\/index.php\/fekm\/","url":"https:\/\/kravmaga-blackbelt-93.fr\/index.php\/fekm\/","name":"La FEKM - Krav Maga Black Belt 93","isPartOf":{"@id":"https:\/\/kravmaga-blackbelt-93.fr\/#website"},"primaryImageOfPage":{"@id":"https:\/\/kravmaga-blackbelt-93.fr\/index.php\/fekm\/#primaryimage"},"image":{"@id":"https:\/\/kravmaga-blackbelt-93.fr\/index.php\/fekm\/#primaryimage"},"thumbnailUrl":"https:\/\/kravmaga-blackbelt-93.fr\/wp-content\/uploads\/FB_IMG_1739523713013-1024x768.jpg","datePublished":"2025-05-09T08:21:52+00:00","dateModified":"2025-11-11T17:05:40+00:00","breadcrumb":{"@id":"https:\/\/kravmaga-blackbelt-93.fr\/index.php\/fekm\/#breadcrumb"},"inLanguage":"en-US","potentialAction":[{"@type":"ReadAction","target":["https:\/\/kravmaga-blackbelt-93.fr\/index.php\/fekm\/"]}]},{"@type":"ImageObject","inLanguage":"en-US","@id":"https:\/\/kravmaga-blackbelt-93.fr\/index.php\/fekm\/#primaryimage","url":"https:\/\/kravmaga-blackbelt-93.fr\/wp-content\/uploads\/FB_IMG_1739523713013.jpg","contentUrl":"https:\/\/kravmaga-blackbelt-93.fr\/wp-content\/uploads\/FB_IMG_1739523713013.jpg","width":1080,"height":810},{"@type":"BreadcrumbList","@id":"https:\/\/kravmaga-blackbelt-93.fr\/index.php\/fekm\/#breadcrumb","itemListElement":[{"@type":"ListItem","position":1,"name":"Accueil","item":"https:\/\/kravmaga-blackbelt-93.fr\/"},{"@type":"ListItem","position":2,"name":"La FEKM"}]},{"@type":"WebSite","@id":"https:\/\/kravmaga-blackbelt-93.fr\/#website","url":"https:\/\/kravmaga-blackbelt-93.fr\/","name":"Krav Maga Black Belt 93","description":"","publisher":{"@id":"https:\/\/kravmaga-blackbelt-93.fr\/#organization"},"alternateName":"KM2B93 KMBB93 Krav Maga Aulnay sous Bois","potentialAction":[{"@type":"SearchAction","target":{"@type":"EntryPoint","urlTemplate":"https:\/\/kravmaga-blackbelt-93.fr\/?s={search_term_string}"},"query-input":{"@type":"PropertyValueSpecification","valueRequired":true,"valueName":"search_term_string"}}],"inLanguage":"en-US"},{"@type":"Organization","@id":"https:\/\/kravmaga-blackbelt-93.fr\/#organization","name":"Krav Maga Black Belt 93 - Aulnay sous Bois","url":"https:\/\/kravmaga-blackbelt-93.fr\/","logo":{"@type":"ImageObject","inLanguage":"en-US","@id":"https:\/\/kravmaga-blackbelt-93.fr\/#\/schema\/logo\/image\/","url":"https:\/\/kravmaga-blackbelt-93.fr\/wp-content\/uploads\/2025\/08\/cropped-Logo-New.jpg","contentUrl":"https:\/\/kravmaga-blackbelt-93.fr\/wp-content\/uploads\/2025\/08\/cropped-Logo-New.jpg","width":1282,"height":1328,"caption":"Krav Maga Black Belt 93 - Aulnay sous Bois"},"image":{"@id":"https:\/\/kravmaga-blackbelt-93.fr\/#\/schema\/logo\/image\/"},"sameAs":["https:\/\/www.facebook.com\/people\/Krav-Maga-BlackBelt\/61565493506169","https:\/\/www.instagram.com\/kravmaga.blackbelt.93","https:\/\/share.google\/cUAo8vgkkXyy5NLsB"]}]}},"_links":{"self":[{"href":"https:\/\/kravmaga-blackbelt-93.fr\/index.php\/wp-json\/wp\/v2\/pages\/108","targetHints":{"allow":["GET"]}}],"collection":[{"href":"https:\/\/kravmaga-blackbelt-93.fr\/index.php\/wp-json\/wp\/v2\/pages"}],"about":[{"href":"https:\/\/kravmaga-blackbelt-93.fr\/index.php\/wp-json\/wp\/v2\/types\/page"}],"author":[{"embeddable":true,"href":"https:\/\/kravmaga-blackbelt-93.fr\/index.php\/wp-json\/wp\/v2\/users\/1"}],"replies":[{"embeddable":true,"href":"https:\/\/kravmaga-blackbelt-93.fr\/index.php\/wp-json\/wp\/v2\/comments?post=108"}],"version-history":[{"count":12,"href":"https:\/\/kravmaga-blackbelt-93.fr\/index.php\/wp-json\/wp\/v2\/pages\/108\/revisions"}],"predecessor-version":[{"id":430,"href":"https:\/\/kravmaga-blackbelt-93.fr\/index.php\/wp-json\/wp\/v2\/pages\/108\/revisions\/430"}],"wp:attachment":[{"href":"https:\/\/kravmaga-blackbelt-93.fr\/index.php\/wp-json\/wp\/v2\/media?parent=108"}],"curies":[{"name":"wp","href":"https:\/\/api.w.org\/{rel}","templated":true}]}}